(-7) + 2/7. Let g(q) = -q**3 - 8*q**2 + q + 3. Let x be g(n). Give b(x).
7
Let b = 2918 - 2927. Let m(h) = h**3 + 10*h**2 + 8*h - 13. Determine m(b).
-4
Let d(g) = 5 + 2 - 5 + 3*g + 1. Let h(r) = -2*r**2 + 24*r - 2. Let n be h(12). Give d(n).
-3
Let d(f) be the second derivative of 1/90*f**6 + 0 + f**3 - 4*f - 1/60*f**5 + 0*f**2 + 1/24*f**4. Let i(v) be the second derivative of d(v). What is i(1)?
3
Let o = -244 - -243. Suppose -a = -4*a + 12. Let j(p) = -1 - a*p**3 + 6*p**3 + 4*p**3 - p**2 - 2*p. Determine j(o).
-6
Let p(r) = r**2 + 5*r + 8. Let i be p(-4). Let y(o) = 6*o**2 - o**2 + 4 - 6*o**2 + 4*o. Give y(i).
4
Let q(f) = -f**3 - 5*f**2 + 5. Let k(z) = -6*z - 1. Let h be k(-2). Let l(g) = -3 - 2 - g**3 + 6661*g**2 - 6650*g**2. Let v be l(h). What is q(v)?
5
Let m = 793 + -785. Let z(c) = 4 + 4 - 2 + c. Determine z(m).
14
Let q be 6*(212/(-96) - -2)*-4. Let k(u) be the third derivative of -u**5/60 + u**4/4 - u**3/2 - 4*u**2. Determine k(q).
2
Let b(y) = y - 1. Suppose -3*f - h = f + 24, -f - 6 = -4*h. Let d(x) = x + 4. Let j be d(f). Calculate b(j).
-3
Let m(v) be the second derivative of -v**5/20 - v**4/4 + 2*v**3/3 - v**2/2 - 3*v + 18. What is m(2)?
-13
Let b(z) be the third derivative of -z**4/8 - z**3/2 - 2*z**2. Suppose 61 = 39*s - 56. Determine b(s).
-12
Let w = 0 - 0. Let m = w + 2. Let i(v) = v**3 - 3*v**2 + 5. Let k(l) = -l**3 + 3*l**2 - 6. Let c(s) = 4*i(s) + 3*k(s). Determine c(m).
-2
Let d(i) = -i**3 + i + 41. Suppose 0 = -t - 5*j - 15, -3*t = 3*j - 7*j - 12. Calculate d(t).
41
Let i(k) be the second derivative of -k**3/6 + 15*k**2/2 - 2*k. Let f be i(5). Let h(d) = -6*d**2 + 9*d - f*d + d**3 + 2 + 5*d**3 - 5*d**3. What is h(6)?
-4
Let p(i) = -2*i + 8. Suppose -114 - 222 = 6*g. Let y = g - -63. What is p(y)?
-6
Let l be 10 + -3 + -3 + -8. Let b(j) = -7*j + 9. Let u(q) = -6*q + 8. Let h(f) = 5*b(f) - 6*u(f). Determine h(l).
-7
Let k(s) = -s**3 - 7*s**2 + 5*s + 2. Suppose t = -3*f, -4*t - 2*f + 4 = -2*t. Suppose -2*p = -5*p - 3, -5*p + t = -o. Calculate k(o).
26
Let n(y) = 7. Let k(v) = v - 31. Let o(h) = k(h) + 3*n(h). Give o(14).
4
Let m(v) be the third derivative of 0 + 0*v + 1/4*v**4 + 14*v**2 - 1/2*v**3 - 1/60*v**5. Determine m(5).
2
Let z(o) = o - 2. Let u be -10*(-1)/4*(-20)/(-25). Suppose u*x = 4*k + 3 + 3, 18 = -3*x - 3*k. Determine z(x).
-5
Let k(w) = w**3 + 28*w**2 - 28*w + 28. Let g = 1392 - 1421. Calculate k(g).
-1
Let q = 59 + -56. Let z(p) = -2 + 3 + 16*p**2 + 8*p + q - 17*p**2. Determine z(8).
4
Let p(y) = 4*y + y**3 - 266 - 270 + 5*y**2 + 540. Suppose -14 = -2*q + u + 2*u, -2*q = 4*u + 14. Let m(z) = -5*z**2 + z. Let x be m(q). Determine p(x).
4
Let k(t) = -t**2 + 15*t - 8. Let m be k(14). Let g = m - 2. Let j(v) = -3*v**2 - 9*v + 1. Let n(o) = -5*o**2 - 17*o + 3. Let y(d) = -7*j(d) + 4*n(d). Give y(g).
1
Let q(t) = 5*t - 26. Let i(m) = -m + 2. Let r(d) = -6*i(d) - q(d). Calculate r(-14).
0
Let g(r) = 6*r**3 + 4*r**2 + 2*r + 1. Let y(h) = h**3 + 23*h**2 + 22*h - 1. Let l be y(-22). Let m(b) = -b**3 - 1. Let q(n) = l*g(n) - 5*m(n). Determine q(-4).
12
Let s = 125 - 127. Let y(o) = -2*o - 1. Let a(v) = -2*v - 1. Let m(z) = s*a(z) + 3*y(z). Give m(-2).
3
Let x = -56 - -54. Let m be 3/(6 - 0)*x. Let l(d) = 3*d. Determine l(m).
-3
Let d = -5 - -3. Let w(q) be the first derivative of 4*q**2 + 2*q + 20. Determine w(d).
-14
Let q be 2 + (-51)/(-18) + (-5)/(-30). Suppose 5*y = -5*u + 5, 0*u = -q*u + 5*y + 15. Let i(h) = -h**2 - h + 2. Calculate i(u).
-4
Suppose -49*p - 75*p = 496. Let i(c) = 5 + 0*c**2 + 4*c - 8*c + c**3 + 2*c**2. Give i(p).
-11
Let i(f) = -f**3 - 8*f**2 + 2*f + 5. Suppose -7*t = 7 + 42. Let a be ((-8)/(-10))/((t/(-70))/(-1)). Give i(a).
-11
Let a(p) = 3*p**3 - 4*p**2 + 16*p - 5. Let k(l) = -2*l**3 + 5*l**2 - 12*l + 5. Let g(v) = -3*a(v) - 4*k(v). Calculate g(-8).
-5
Let p(o) = 2*o + 3. Let d be 10/1 + 9 + -5 + -8. What is p(d)?
15
Let x(z) = 2*z + 74. Let f(v) = -v - 46. Let s(m) = -5*f(m) - 3*x(m). Let p(u) = 5*u - 3. Let a = -1 + 3. Let j be p(a). Give s(j).
1
Let g(k) = 3*k**2 - k - 1. Let j = 650 + -653. What is g(j)?
29
Let q(d) be the first derivative of -2*d + 3/2*d**2 + 29. What is q(3)?
7
Let d = -7 - -23. Let b = -13 + d. Let k(w) = 2 + w - 5*w - 4*w - w**b + 3*w - 5*w**2. Determine k(-4).
6
Let g(u) = 11*u**2 - u. Let p = -11 - -12. Suppose -y - p = -2*y. Give g(y).
10
Let i(v) = 2*v**3 + 3*v**2 - 3*v - 2. Let r(g) = 3*g**2 + 2*g - 3. Let m be r(0). Determine i(m).
-20
Let v(i) = 16*i + 2. Let g(q) = 24*q + 3. Let w(d) = -d**2 - 1. Let a be w(2). Let r(j) = a*g(j) + 7*v(j). Let f be 9/6*(-2)/3. What is r(f)?
7
Let f(x) = x - 9. Let i(k) = 3*k**2 - 2*k - 1. Let h be i(2). Calculate f(h).
-2
Let o(h) be the first derivative of 7*h**2/2 - 5*h + 1. Let i = -589 + 588. Let a(m) = m. Let s(t) = i*o(t) + 4*a(t). What is s(6)?
-13
Let z(h) = h**3 - 4*h**2 + 4*h - 2. Let j be z(3). Let d(y) be the first derivative of 0*y + 0*y**3 - 5/4*y**4 + 2 + 0*y**2. Determine d(j).
-5
Let j = 330 + -324. Let h(s) = -2*s + 5. Give h(j).
-7
Suppose -1 = -z + 3*j, 0*z = 3*z + 4*j - 29. Let h(a) = 3*a + a - 12*a + 8*a + a. What is h(z)?
7
Let u(x) be the third derivative of x**5/60 + 7*x**4/24 + 5*x**3/6 + 6*x**2. Let z(a) = 2*a - 31. Let v be z(12). What is u(v)?
5
Let o(a) = -a**3 + a**2 + 4*a + 1. Let f be (-4)/(-2)*12/8. Let l(p) = p**2 + 3. Let c be l(f). Suppose 3*v = -3 + c. What is o(v)?
-5
Let z(n) = -n**3 - 4*n**2 + 3*n + 11. Let t be z(-4). Let v(x) be the first derivative of 14*x**3/3 - 1. Calculate v(t).
14
Let v(f) = -3*f + 8. Suppose d + 4*c = 24, -7 = -4*d + c + 4. Calculate v(d).
-4
Let v(u) = 11 + 7 + u**2 - 48 - 6*u + 20. Suppose i = 5*o - 36, -3*o + 18 = -0*i + 3*i. Calculate v(o).
-3
Let g = 73 - 136. Let q be ((-108)/g)/(2/7). Let n(x) = -q + x**2 + 6 + 2*x - 3*x. Calculate n(1).
0
Let l(u) = u - 5. Suppose -3 + 19 = 2*f. Let k be l(f). Let w(x) = 4*x + 4. Give w(k).
16
Let d(x) = 4 + 5*x - 12 - 4*x - 2*x + 11. Suppose -4*b = 12, 0 = -2*c - 5*b - 0*b - 3. Calculate d(c).
-3
Let t = 68 - 63. Let y(k) = -3*k**3 - 15*k**2 - 8*k + 9. Let d(n) = -4*n**3 - 22*n**2 - 12*n + 13. Let u(w) = t*d(w) - 7*y(w). Give u(5).
-18
Let f(s) = 6*s**2 - 7*s - 7. Let m(h) = -h + 28*h**2 + 2*h - 29*h**2. Let n(q) = f(q) + 5*m(q). Determine n(5).
8
Let b be (-4)/12 - (-73)/3. Suppose 0 = 5*r + 5*h + 5, 0 = 2*r + 2*r - 3*h - b. Let t(m) = -1 - m**2 + 0*m**2 - 1 + 4. Calculate t(r).
-7
Let p(t) = -3*t. Let w = 248 - 246. Calculate p(w).
-6
Let c(o) = 44*o**2 - 34*o**2 - 4*o - 2 - 8*o**2. Calculate c(4).
14
Let q(h) = -h**3 - 6*h**2 + h + 3. Let w be q(-6). Let g(j) be the second derivative of -j**4/12 - j**3/6 - 2*j**2 + 7*j + 2. Give g(w).
-10
Let n(r) = -r**3 + 2*r**2 - 2*r + 3. Let y = -8 - -10. Let c be n(y). Let v(o) = 10*o. Determine v(c).
-10
Let p(f) be the second derivative of f**4/2 - f**3 + 3*f**2 + f. Let m(i) = 5*i**2 - 5*i + 5. Let c(v) = 7*m(v) - 6*p(v). Calculate c(-3).
-13
Let t(l) = -l**2 - 3*l - 2. Let x(h) be the third derivative of h**4/12 + 2*h**3 - 8*h**2. Let a be x(-7). What is t(a)?
0
Suppose -3*b - o + 7 = 1, -5*o = 4*b - 19. Let k(j) = 18*j + 2. Give k(b).
20
Let c(y) be the second derivative of -y**4/12 + 7*y**3/6 - 2*y**2 + 166*y. Let b(d) = d**3 + 6*d**2 + 3*d - 4. Let h be b(-5). Calculate c(h).
2
Let p be 3 + (-9 - (-17 - -8)). Let n(b) be the first derivative of -1/2*b**2 + p*b + 1. What is n(0)?
3
Let r(k) be the second derivative of k**5/20 - 11*k**4/12 + 5*k**3/3 - 3*k**2 + 10*k. What is r(10)?
-6
Let q(m) = -m**2 + 3*m + 7. Suppose 2*l - 2*v + 90 = 0, -2*l - 5*v = -3*l - 25. Let t = l + 56. What is q(t)?
-11
Let s = -18 - -24. Let b(d) = -3*d - 4*d + 4 + s*d. Suppose 10*m = 5*m + 30. Give b(m).
-2
Let l(k) = -k**3 - 7*k**2 - 8*k - 3. Let s(b) be the third derivative of b**5/60 + 3*b**4/8 + 2*b**3 - 13*b**2. Let p be s(-6). Give l(p).
9
Let z(q) = 3*q**2 + 7*q - 1. Let h be ((-6)/8)/(-3*3/(-36)). Let w be z(h). Let u(a) = -a**2 + 7*a - 5. Calculate u(w).
5
Let r(p) = p**3 + 39*p**2 + 4 + 6 + 38*p**2 + p + 4 - 82*p**2. Determine r(4).
2
Let u be (-9)/(-6)*(-10)/3. Let k(g) be the second derivative of 1/12*g**4 + g**3 + 3*g**2 + 0 + g. Determine k(u).
1
Let h(m) = 4*m - 8*m + m**3 + 508*m**2 - 512*m**2 - 1. Determine h(4).
-17
Let b be (-5 + -3)*((-135)/(-18) - 7). Let t(m) = 3*m**2 